se 0*q - a = -3*q + 898, 0 = -a - 4. Calculate the remainder when q is divided by (1032/64)/((-2849)/(-88) + -32).
40
Let d = 29 + -20. Let y(l) = -l - 21. Let b be y(d). What is the remainder when 58 is divided by (2 - 20/8)*b?
13
Suppose -9*x - 111 = -6*x. Let g = -38 - x. Calculate the remainder when 3*(-112)/(-12) + g is divided by 14.
13
Let l(w) = 1076*w + 20485. What is the remainder when l(-19) is divided by 1/((-51)/26 - -2)?
15
Suppose 4*h - 2*k = 131 + 469, -k - 450 = -3*h. Calculate the remainder when h is divided by 68.
14
Let y(x) = 2*x**2 - x - 2. Let z = 83 + -80. Suppose 5*d - 20 = -4*s + 151, 0 = z*s - 3*d - 162. What is the remainder when s is divided by y(4)?
23
Let d = 151 + -89. Suppose 0 = 2*n + 4*p - 32, 4*p = n + n - 16. Calculate the remainder when d is divided by 3/(-9) - (-1 - 184/n).
14
Let j = 54 + -49. Suppose -3*b + b = j*b. Suppose b = 4*m - 3*d - 152, 0 = 3*d + 2*d. What is the remainder when 111 is divided by m?
35
Let m(v) be the second derivative of -8*v + 0 + 2/3*v**3 - 12*v**2. What is the remainder when m(12) is divided by 14?
10
Suppose 0 = 17*s - 3*s - 140 + 70. Let f = 0 - 0. Suppose -120 = -f*i - s*i. Calculate the remainder when 69 is divided by i.
21
What is the remainder when 6/(-21) - 372644/(-413) is divided by 115?
97
Let y be (1 - (-5 - -4)) + 3. Let i = y + 1. Suppose -4*p - 8 = -2*f, -5*p - i = 5*f - 26. What is the remainder when 5 is divided by f?
1
Suppose 2329 = 5*f - 2*g, 0 = -12*f + 16*f - 7*g - 1847. Calculate the remainder when 520 is divided by f.
53
Let a(v) = v**3 - 22*v**2 - 9*v - 6. Let j(t) = -t**3 + 20*t**2 + 8*t + 5. Let f(s) = 6*a(s) + 7*j(s). Calculate the remainder when f(-2) is divided by 10.
5
Let h(q) = q**3 - 8*q**2 + 10*q - 9. Let i be h(7). Let u be 12 - (i/9)/((-4)/(-6)). Calculate the remainder when 71 is divided by 261/15 + 1/(u/6).
17
Let p(h) = h**3 + 5*h**2 - 37*h + 12. Suppose j - 52 = -k + 4*j, 2*k - 124 = j. Let l = k - 27. What is the remainder when l is divided by p(4)?
5
Let i = 7 + 0. Let w = -545 + 548. Suppose -w*t - 36 = -i*t. Calculate the remainder when 32 is divided by t.
5
Let m = -715 + 801. What is the remainder when 184 is divided by m?
12
Let u = -462 + 470. Suppose -5 = 5*d - 75. Calculate the remainder when (-62)/5*(-35)/d is divided by u.
7
Suppose 30*g - 153 = -3. Suppose -2*b + 5*w + 50 = 29, 4*b = -3*w + 3. What is the remainder when g is divided by b?
2
Suppose 5*v - 2*v - 42 = 0. Calculate the remainder when (-24)/168 - (-197)/(-42)*-6 is divided by v.
0
Let w be 4 - (-200)/15*48. Calculate the remainder when (-8)/(-2)*23/(w/294) is divided by 18.
6
Suppose -2*l + 5*z + 11884 = 0, -4*l - 100*z = -101*z - 23714. Calculate the remainder when l is divided by 11.
9
Suppose 0 = -11*t + 10*t + 56*t - 208945. What is the remainder when t is divided by 40?
39
Let r(d) = -d**3 - 59*d**2 + 58*d - 93. What is the remainder when 179 is divided by r(-60)?
17
Suppose -n - r = -3, 2*n - 5*r - 10 = -3*r. Suppose -3*p + m - 27 = -110, -2*m + 104 = n*p. What is the remainder when 215 is divided by p?
26
Let l be 2 - -98 - (0 + -2). Suppose -4*z + 82 = -l. What is the remainder when z is divided by 25?
21
Let n be (-4)/((-135)/63 - 2/(-14)). Suppose n*y = h - 4, -3*h = 2*h + 4*y - 76. Suppose h*w - 51 = 9*w. Calculate the remainder when w is divided by 6.
5
Let t be 20/(-8) + 9/(-6) + -2. Calculate the remainder when -5*(-415)/10*t/(-15) is divided by 19.
7
Suppose -9*l = -2*l + 7. Suppose 33*z = 36*z - 15, 0 = 5*a + 4*z - 80. Calculate the remainder when l/((-3)/204*2) is divided by a.
10
Let j = -19430 - -19878. What is the remainder when j is divided by 152?
144
Suppose 9*d = 3*d + 240. Let a = 28 + -21. Suppose -15*h + 912 = -a*h. What is the remainder when h is divided by d?
34
Let q(o) = -2*o**3 - o**2 - 5*o. Let p be q(-4). Suppose -g + 4*i + 88 = g, -4*i = 3*g - p. Calculate the remainder when 24 - (36/g - (-2)/11) is divided by 7.
2
Suppose -2*c = -3*c - w + 73, 2*c + 4*w - 134 = 0. What is the remainder when c is divided by 43?
36
Let b(g) = -g + 35. Let q(x) = x**3 - 13*x**2 + 2*x - 11. Let r be q(13). Calculate the remainder when 75 is divided by b(r).
15
Suppose 3*u - 35 = -21*t + 20*t, -4*t + 192 = -u. What is the remainder when 172 is divided by t?
31
Let f = -983 + 987. Suppose -3*u + 5*v + 86 = 0, f*u + v - 122 = 4*v. Suppose 2*w = -2*b + 14, -4*w = b - 0*w + 8. What is the remainder when u is divided by b?
8
Suppose 4*x = 1641 - 185. Suppose -623 + 95 = -33*c. Calculate the remainder when x is divided by c.
12
Let k(c) = -28*c - 4. Let n be k(-14). Suppose -2*i = 2*i - n. Suppose o + i = 2*o. Calculate the remainder when o is divided by 10.
7
Let z = 14949 - 14339. Calculate the remainder when z is divided by 22.
16
Let f = 83 - 63. Let w(v) = 3*v**2 - v. Let l be w(1). Suppose -u - 8 = -l*u. What is the remainder when f is divided by u?
4
Suppose 4*l + 2*v + 0 - 14 = 0, 4*v + 44 = 4*l. Let i(x) = 90*x**2 - 16*x - 5. Let d be i(-2). Let t = -376 + d. What is the remainder when t is divided by l?
5
Calculate the remainder when 114 is divided by ((-896)/(-40) + -15)/(1/5).
3
Suppose -95*w + 36 = -92*w. Suppose -w = -5*d + 3*o, 3 = -o + 4. Suppose -3*n + 5*q = -619 + 255, -3 = -d*q. What is the remainder when n is divided by 31?
30
Suppose -3*r + 2*h + 955 = 0, 3*h = 5*h - 8. Suppose -10*c = -7*c - r. Let l = -84 + c. What is the remainder when 65 is divided by l?
19
Let p = 745 + -745. Suppose -2*m + 3*m - 32 = -2*j, -4*m + 5*j + 128 = p. What is the remainder when 82 is divided by m?
18
Let f(l) = -887*l - 1881. What is the remainder when f(-3) is divided by 64?
12
Let s = -9107 + 10416. What is the remainder when s is divided by 15?
4
Suppose 24*j + 3*j + 15*j = 25578. What is the remainder when j is divided by 103?
94
What is the remainder when ((-1)/(-3))/(5 + 24288/(-4860)) is divided by 4?
3
Suppose 15 = -11*b + 114. Calculate the remainder when 77 + 15/b*-3 is divided by 15.
12
Suppose 0 = -9*n - 2*n + 33. Suppose 5*v - n*m - 470 = 0, 58 = 2*v - 2*m - 134. Let c(h) = 8*h - 1. What is the remainder when v is divided by c(4)?
29
Suppose 0 = -i - 6*i - 70. Let b be (i/8)/((-2)/16). Let m(w) = w**3 - 9*w**2 - 6*w. Calculate the remainder when m(b) is divided by 11.
7
Calculate the remainder when (-2)/4*((-16664)/8 - 9) is divided by 367.
312
Let u = -1259 - -1279. Let q(y) be the third derivative of y**5/30 + 5*y**4/24 - y**2. What is the remainder when u is divided by q(-4)?
8
Let y(c) = c**2 + 3*c - 397. Suppose 3*r + 5*b = 158, 47 = 2*r - 3*b - 90. What is the remainder when y(-24) is divided by r?
46
Let b(c) = -c + 11. Let x be b(7). Suppose 0*f + x*f = 5*i + 329, -4*f - 191 = 3*i. Let p = 81 + i. What is the remainder when 61 is divided by p?
13
Let x = 108 + -58. Let z be (-2199)/(-3) + -3 - -8. Suppose z*j = 734*j + 388. Calculate the remainder when j is divided by x.
47
Suppose 1861*g + 2354 = 2*f + 1858*g, -5*g + 2370 = 2*f. Calculate the remainder when f is divided by 27.
19
Let c(h) = 0 - 7 - 20 + 4*h**2 + 22*h - h**3 - 3*h. Calculate the remainder when 47 is divided by c(6).
2
Suppose -210 - 1824 = -9*z. Let y = z - 223. Calculate the remainder when 64 is divided by y.
1
Let v be (-13516)/682 - (-2)/(-11). Suppose 2*w = c + 39, -4*w - 2*c + 83 = -5*c. Calculate the remainder when w is divided by 0 + 0 + (-13)/(26/v).
7
Suppose 43*w - 127*w = -672. What is the remainder when 1620 is divided by w?
4
Let f(b) = 11*b + 753. Calculate the remainder when 756 is divided by f(-65).
34
Suppose 2*x + 2*x = -o + 410, 3*o + 212 = 2*x. Calculate the remainder when x is divided by (1 + 1)/((44/30)/11).
13
Let j(w) = -4*w - 28. Let u be j(-10). Let m = 2101 + -2086. What is the remainder when (52/u)/((-2)/(-24)) is divided by m?
7
Let v = -432 + 747. Let a = -292 + v. What is the remainder when 81 is divided by a?
12
Suppose -i + 6 = -3*b, 3*i - 6*b + 4*b = 4. Suppose 3*z - 39 - 165 = m, -z + 4*m + 57 = i. Calculate the remainder when z is divided by 35.
34
Let c(p) = -40 - 3*p - 6*p + 8*p + 2*p**2 - 5*p. What is the remainder when 74 is divided by c(8)?
34
Let h be ((-60)/(-8))/((-21)/(-12) + -1). Let r = -28 + 46. What is the remainder when (h/(-4))/(-1) - 676/(-8) is divided by r?
15
Let d(c) = -c**3 - 5*c**2 - 21*c - 32. What is